*t = 2*d - 3*d - 340. Suppose w*g - t = 2*g. What is the tens digit of g?
2
Suppose -55*r = -52*r - 3*h - 8343, r + 2*h - 2790 = 0. What is the units digit of r?
4
Let k(q) = q**3 - 8*q**2 - 5*q - 5. Let x(a) = a**2 + 7*a - 4. Let c be x(-6). Let y(i) = i**2 + 10*i + 9. Let j be y(c). What is the units digit of k(j)?
1
Suppose 3*a - 2*a = 18. Suppose 5*v + a + 57 = 0. What is the tens digit of -5*-16*(-9)/v?
4
Suppose 0 = 2*b + 2*q - 42, 31 + 16 = 2*b + 3*q. Let h = 37 + b. What is the units digit of h?
3
Let i = -28 + 26. Let l(x) = -2*x. Let f be l(i). Suppose 5*y = u + 190, -f*y + 3*u + 126 = -y. What is the units digit of y?
7
Suppose 6*c = -i + c + 318, -4*c + 16 = 0. Let p = i - 163. What is the units digit of p?
5
Let z be (-10)/(-15) + (-49)/(-3). Suppose -3*s - f + 0*f + z = 0, -13 = -2*s - f. Suppose 0 = 3*j, -s*d + 2*j = 3*j - 112. What is the tens digit of d?
2
Suppose -4*r = 2*g - 796, -g - 2*r + 398 = -7*r. What is the units digit of g?
8
Suppose 0 = 38*c - 36*c - 658. What is the tens digit of c?
2
Let d(g) = -g**2 + 2*g + 5. Let y(i) = -i**3 + 5*i**2 - 4*i + 2. Let c be y(4). Suppose -j = -c*m + 2*j - 3, -j = m - 6. What is the units digit of d(m)?
2
Let b = 15 + -13. Suppose -b*t + 24 = 2*t. What is the tens digit of ((-31)/3)/((-2)/t)?
3
Let a = -125 - -70. Let p = a + 103. What is the units digit of p?
8
Let a(i) = i**3 - 5*i + 29. What is the tens digit of a(13)?
6
Let l = 1542 + -878. What is the hundreds digit of l?
6
What is the tens digit of -4*2/(-4) + 5 + 294?
0
Let k(j) = -553*j - 13. What is the hundreds digit of k(-2)?
0
Suppose a + 94 = -a + 5*f, -f = -a - 44. What is the tens digit of (a*3/30)/((-1)/5)?
2
Suppose 6891 = 3*l + 4*t - 2478, t + 9354 = 3*l. What is the tens digit of l?
1
Suppose -3*w = -64 + 16. Suppose -11*x = -w*x + 480. What is the units digit of x?
6
Suppose 3*w - 9 = 3. Suppose -w*j + 49 = -223. Let t = j - 31. What is the tens digit of t?
3
Let x(q) = q**2 - 9*q + 11. Let i be x(-6). Let a = i - 61. What is the units digit of a?
0
Suppose 2*d + 0*d - 30 = 0. Suppose m + d = -3*m - y, -9 = -m + 4*y. What is the units digit of 2 + 1 + (-3 - m)?
3
Suppose -2*u + 4 = 0, 5*u + 0*u = j - 582. What is the hundreds digit of j?
5
Let w = 1648 + 354. What is the units digit of w?
2
Suppose 0 = -2*p + p + 6. Let f(y) = -2*y + 14. Let i be f(p). What is the units digit of ((-6)/(-12))/(i/120)?
0
Let p(i) = i**3 - 9*i**2 + 4*i + 2. Let o be p(8). Let j be (-6)/o + (-289)/(-5). Suppose 4*r - 5*y - 127 = j, -112 = -2*r - 4*y. What is the tens digit of r?
5
Suppose z - 38 = -14. Let b = z + -18. Suppose -b*n = -41 - 61. What is the tens digit of n?
1
Suppose -4*w + 2*x = x - 4, 4*w = 4*x - 8. Suppose i + y - 180 = -4*y, -w*i + 385 = 5*y. What is the units digit of i?
5
Suppose -18 = 2*l + 5*f, l + 3*l + 24 = -4*f. Let g be (-18)/(-8) - (-1)/l. Suppose 2*q - v + 3 = 4, -q - v = -g. What is the units digit of q?
1
Let s be (-2550)/(-36) - ((-26)/12 + 2). Let v be (1 - (-1 - 0))*1. Suppose -3*t + 2 = -v*u + s, 2*u + 4*t - 34 = 0. What is the tens digit of u?
2
Suppose g - v = 2*v, -v = 2*g + 35. Let z be (-642)/g + (-3)/(-15). Suppose 0 = 5*u - z - 42. What is the tens digit of u?
1
Let g = 2 - -5. Let o(r) = 4*r**2 - 14*r + 12. What is the tens digit of o(g)?
1
Let k(v) = -159*v**2 + 19*v - 15. Let x(g) = -80*g**2 + 9*g - 7. Let j(b) = 3*k(b) - 7*x(b). What is the units digit of j(1)?
1
Let j = 15 + -13. Let t be (-8)/(j/24*3). What is the units digit of (-2 + 1)*-1 - t?
3
Suppose -3*q = -2*b + 2*q - 28, 5*b - 4*q + 53 = 0. Let n(w) = w**3 + 8*w**2 + 14*w + 11. Let z be n(-6). What is the tens digit of ((-147)/b)/(z/(-3))?
4
Let z = -319 - -698. What is the tens digit of z?
7
Let s = -24 - -20. Let c(u) = -9*u - 8. What is the tens digit of c(s)?
2
Let m(g) = -g**3 - 6*g**2 - 2*g - 7. Let o be m(-6). Suppose -h + 0*h = o, -l + h = -27. Suppose 3*w - l = 2*w. What is the units digit of w?
2
Let i = -101 + 177. What is the tens digit of i?
7
Suppose 18*h = 35*h - 24786. What is the units digit of h?
8
Let i(v) = 28*v**2 + 5*v - 40. Let m(c) = 5*c**2 + c - 7. Let x(w) = -6*i(w) + 34*m(w). Let y = -11 - -8. What is the units digit of x(y)?
8
Let v(p) = -26*p**3 + 2*p**2 + 51*p + 284. What is the hundreds digit of v(-6)?
6
Suppose 35 + 1 = -4*s. Let k be 9*(0 - 3/s). Suppose 2*j - 90 = -k*j. What is the tens digit of j?
1
Suppose -16*a = -12*a - 1936. What is the units digit of a?
4
Suppose -4*i + 20 = 8. Suppose 2 = i*z - 7. Suppose 2*p + 7*v - 56 = z*v, 3*v = -p + 31. What is the units digit of p?
2
What is the units digit of 334/2*(242 - 231)?
7
Let r(h) = 13*h - 8*h - 8*h - 9. What is the units digit of r(-4)?
3
Let h(g) = 3*g**3 - g**2 - 5*g. Let j be h(-4). Let v = -110 - j. Suppose 0 = 7*o - 4*o - v. What is the tens digit of o?
2
Let w = -3 - 82. Let h = w + 222. What is the tens digit of h?
3
Let g = 807 - 376. What is the hundreds digit of g?
4
What is the tens digit of 10/(-4)*(10 + (-7308)/90)?
7
Suppose -o + 5*r + 4 = -1, 3*o - 3*r = -45. Let c be (o/(-8))/(2/4). Suppose -x + c = 1. What is the units digit of x?
4
Suppose 0 = -7*d - 968 - 404. Let r = -66 - d. What is the tens digit of r?
3
Let n(r) = r. Let t be n(3). Let m(f) = -f + 9. Let s be m(6). Suppose -s*d = 2*a - 19, -3*d + t*a - a = -11. What is the units digit of d?
5
Suppose 0*m - 2*m + 4 = 0. Suppose -m - 13 = -5*q. Suppose 35 = q*c - 2*c. What is the units digit of c?
5
Let i = 75 - -97. Let t = 319 - i. What is the units digit of t?
7
Let w be -18 + (-3 - -3) + 1. Let k(y) = y**2 + 13*y + 9. What is the tens digit of k(w)?
7
Suppose -250 = -2*w + 92. Suppose 4*v + 3 = w. What is the tens digit of v?
4
Let y(b) = b**2 + 4*b - 6. Let g be y(-5). Let k(p) = 1 + 5*p - 3*p - p + 2*p**2. What is the units digit of k(g)?
2
Let d = 491 + -315. Suppose -w = o - 37, -2*o + 3*w + d = 2*o. What is the units digit of o?
1
Let f = -593 - -1147. What is the tens digit of f?
5
Let a(w) = 69*w - 36. Let m be a(10). Suppose 3*k = 9*k - m. What is the hundreds digit of k?
1
Let m = -1183 - -1715. What is the units digit of m?
2
What is the tens digit of (4 - (-2 - -8)) + 1172 + -1?
6
What is the units digit of ((-37536)/56)/(-3) - 6/14?
3
Suppose -46 = 3*k - 5*q + 145, -4*k + q = 232. What is the units digit of (0 - 18/(-4))/(k/(-1710))?
5
Let s be 1152/324 - (-4)/9. Suppose -2*v + i = -42, -4*i = -0*v + 4*v - 60. Suppose -s*b + 5*b = v. What is the tens digit of b?
1
Suppose 0 = 2*y + 5*g + 2, -y + 4*g - 2*g = -17. Let j be (y/(-6))/((-6)/324). Suppose 2*b - j = -b. What is the tens digit of b?
2
Suppose -t = -5*l + 8, -2*t = -4*l + 7*l - 10. What is the units digit of t?
2
Let c(l) = l**2 + 5*l + 7. Let z be c(-4). Suppose 5*v - 13 = -z. What is the units digit of v?
2
Let w(i) = 28*i**3 - 2*i**2 - 10*i - 13. What is the hundreds digit of w(4)?
7
Suppose -3*f + 33 = -2*f. What is the tens digit of 2/(f/(-299) + 12/78)?
4
Let t = -21 - -55. Let z = 46 - t. What is the tens digit of z?
1
What is the hundreds digit of 3409/7 + -5 - -1?
4
Let s = -2731 + 8933. What is the hundreds digit of s?
2
Let v = 1264 + -842. What is the tens digit of v?
2
Let x be 610/40 - 3/(-4). Let q = x + -6. What is the tens digit of q?
1
Let y(v) = v - 7. Let j(x) = 2*x - 8. Let w(h) = -5*j(h) + 6*y(h). Suppose -2*i + 14 = -4*o, i + 15 = -4*i. What is the units digit of w(o)?
8
Let t = 856 - 457. What is the tens digit of t?
9
Let g = -1417 + 2610. Suppose -12 = 3*x, 2*o + g = -o + x. What is the tens digit of (-8)/(-36) + o/(-27)?
1
Suppose 1708 = -6*d + 358. What is the units digit of d/(-20) + (-3)/12?
1
Let a(x) = x**3 - 7*x**2 - 8*x - 4. Let m be a(8). Let g = -2 - m. What is the units digit of -1*1 - (g - 6)?
3
Suppose 3*l + 1192 = 11*l. Let h = l - 25. What is the tens digit of h?
2
Let v = 496 - 204. What is the tens digit of v?
9
Suppose 12 = -h + 9. Let j = -1 - h. Suppose j*q = 4*l - 3*q - 135, 4 = 4*q. What is the units digit of l?
5
Suppose 0 = -5*h + 10*h - 3465. Suppose -7*j + 378 = -h. What is the tens digit of j?
5
Let y = 5 + 7. Suppose -14*v = -y*v - 94. What is the units digit of v?
7
Let m(r) = r**2 - 9*r + 20. Let i be m(7). Let j be (18/4*12)/1. Suppose -4*z + i*z - j = 0. What is the tens digit of z?
2
Suppose -436736 + 39610 = -82*g. What is the hund